57
What is the highest common factor of 301 and 7?
7
Calculate the highest common factor of 28 and 217.
7
What is the highest common factor of 145 and 406?
29
What is the greatest common factor of 10 and 155?
5
What is the greatest common divisor of 390 and 9672?
78
What is the greatest common divisor of 132 and 5532?
12
What is the greatest common divisor of 76 and 2888?
76
Calculate the highest common factor of 1337 and 21.
7
What is the greatest common factor of 2696 and 8?
8
What is the greatest common factor of 42 and 112?
14
What is the greatest common factor of 4978 and 95?
19
Calculate the highest common factor of 25 and 1.
1
Calculate the greatest common divisor of 99 and 9.
9
What is the greatest common factor of 468 and 18?
18
Calculate the greatest common divisor of 8 and 3.
1
What is the greatest common divisor of 4 and 68?
4
Calculate the greatest common divisor of 230 and 170.
10
What is the highest common factor of 42 and 3178?
14
Calculate the highest common divisor of 2198 and 154.
14
Calculate the greatest common factor of 3192 and 3534.
114
Calculate the greatest common divisor of 29620 and 40.
20
What is the highest common factor of 114 and 66?
6
Calculate the greatest common factor of 168 and 312.
24
What is the highest common divisor of 12 and 1728?
12
What is the highest common divisor of 1144 and 11?
11
What is the highest common divisor of 301 and 35?
7
What is the highest common factor of 49 and 196?
49
Calculate the highest common divisor of 9943 and 61.
61
What is the highest common factor of 1157 and 169?
13
What is the greatest common factor of 360 and 10?
10
Calculate the highest common divisor of 224 and 416.
32
Calculate the highest common factor of 6 and 30.
6
Calculate the greatest common factor of 48 and 12.
12
What is the highest common factor of 146 and 18250?
146
What is the highest common divisor of 426 and 994?
142
What is the highest common factor of 875 and 35?
35
What is the greatest common factor of 3696 and 539?
77
What is the greatest common divisor of 140 and 4690?
70
Calculate the highest common factor of 21 and 987.
21
What is the highest common divisor of 42 and 138?
6
What is the greatest common divisor of 126 and 1827?
63
What is the greatest common divisor of 663 and 156?
39
What is the highest common divisor of 27 and 192?
3
Calculate the greatest common factor of 6534 and 12.
6
What is the greatest common factor of 2279 and 43?
43
Calculate the highest common divisor of 1188 and 484.
44
Calculate the highest common factor of 920 and 138.
46
Calculate the highest common factor of 178 and 534.
178
Calculate the highest common divisor of 741 and 39.
39
Calculate the greatest common divisor of 36 and 22896.
36
Calculate the greatest common divisor of 35 and 469.
7
Calculate the highest common divisor of 75 and 5975.
25
What is the greatest common factor of 29 and 2291?
29
What is the greatest common factor of 19426 and 44?
22
What is the highest common divisor of 425 and 1105?
85
What is the greatest common factor of 32 and 200?
8
Calculate the highest common divisor of 88 and 198.
22
What is the greatest common divisor of 195 and 78?
39
Calculate the greatest common divisor of 124 and 1364.
124
What is the greatest common divisor of 4 and 230?
2
Calculate the greatest common divisor of 51 and 4845.
51
What is the greatest common divisor of 168 and 224?
56
What is the highest common factor of 170 and 136?
34
What is the highest common factor of 117 and 429?
39
What is the highest common factor of 10 and 42?
2
What is the greatest common divisor of 5 and 49?
1
Calculate the greatest common divisor of 6 and 54.
6
Calculate the highest common factor of 801 and 45.
9
Calculate the greatest common factor of 17 and 425.
17
Calculate the highest common divisor of 275 and 50.
25
What is the greatest common factor of 33 and 957?
33
What is the greatest common divisor of 22482 and 36?
18
What is the greatest common divisor of 11 and 143?
11
What is the greatest common divisor of 19 and 7961?
19
Calculate the highest common factor of 91 and 1001.
91
What is the highest common factor of 1464 and 48?
24
What is the greatest common divisor of 1624 and 21?
7
Calculate the greatest common factor of 2130 and 42.
6
Calculate the greatest common factor of 9193 and 29.
29
Calculate the greatest common divisor of 38 and 1514.
2
Calculate the greatest common factor of 77 and 35.
7
Calculate the highest common factor of 304 and 32.
16
Calculate the greatest common divisor of 3735 and 135.
45
Calculate the greatest common divisor of 15 and 5.
5
What is the highest common factor of 171 and 3192?
57
Calculate the highest common factor of 245 and 1855.
35
Calculate the greatest common divisor of 408 and 216.
24
Calculate the greatest common factor of 1180 and 40.
20
Calculate the greatest common factor of 15 and 375.
15
What is the highest common divisor of 156 and 104?
52
What is the highest common factor of 195 and 156?
39
What is the greatest common factor of 20 and 1135?
5
Calculate the highest common factor of 374 and 88.
22
What is the greatest common factor of 75 and 200?
25
What is the greatest common factor of 23 and 5267?
23
Calculate the greatest common divisor of 5358 and 912.
114
Calculate the greatest common divisor of 64 and 28.
4
Calculate the greatest common divisor of 1390 and 20.
10
Calculate the highest common factor of 1458 and 2511.
81
What is the highest common factor of 3456 and 6?
6
Calculate the highest common divisor of 183 and 69.
3
What is the greatest common factor of 72 and 1200?
24
Calculate the greatest common factor of 21620 and 10.
10
What is the greatest common factor of 949 and 292?
73
What is the greatest common divisor of 126 and 315?
63
Calculate the greatest common divisor of 55 and 110.
55
What is the highest common factor of 378 and 224?
14
What is the greatest common factor of 33 and 132?
33
Calculate the greatest common factor of 365 and 1752.
73
What is the highest common factor of 1960 and 420?
140
What is the highest common factor of 17 and 7?
1
What is the greatest common factor of 1 and 1?
1
What is the greatest common divisor of 5 and 155?
5
Calculate the highest common factor of 2322 and 27.
27
Calculate the greatest common divisor of 511 and 146.
73
What is the highest common factor of 176 and 244?
4
What is the highest common factor of 10 and 585?
5
Calculate the greatest common factor of 28 and 3296.
4
What is the highest common divisor of 4495 and 29?
29
Calculate the greatest common divisor of 777 and 7.
7
Calculate the highest common divisor of 737 and 67.
67
What is the greatest common divisor of 10 and 6370?
10
What is the highest common factor of 30 and 18950?
10
What is the greatest common factor of 90 and 1380?
30
What is the greatest common factor of 24 and 208?
8
Calculate the highest common divisor of 75 and 120.
15
What is the greatest common divisor of 2 and 553?
1
What is the highest common factor of 1190 and 1610?
70
What is the highest common divisor of 540 and 9126?
54
What is the greatest common divisor of 210 and 700?
70
What is the greatest common divisor of 1080 and 288?
72
Calculate the highest common divisor of 22 and 6721.
11
Calculate the highest common divisor of 28 and 105.
7
Calculate the greatest common factor of 98 and 7105.
49
What is the highest common factor of 102 and 2346?
102
What is the greatest common divisor of 220 and 418?
22
What is the highest common divisor of 4066 and 428?
214
What is the greatest common divisor of 36456 and 12?
12
Calculate the greatest common divisor of 1 and 7.
1
What is the greatest common divisor of 186 and 25203?
93
Calculate the highest common divisor of 47 and 1645.
47
Calculate the highest common divisor of 1 and 37.
1
Calculate the highest common divisor of 94 and 1128.
94
Calculate the highest common factor of 171 and 38.
19
What is the greatest common factor of 42513 and 111?
111
Calculate the greatest common divisor of 5325 and 30.
15
Calculate the greatest common factor of 56 and 12824.
56
What is the greatest common factor of 1030 and 60?
10
Calculate the greatest common factor of 140 and 455.
35
What is the greatest common factor of 243 and 45?
9
Calculate the greatest common factor 